by 83?
82
Calculate the remainder when 1375 is divided by 126.
115
What is the remainder when 10735 is divided by 14?
11
What is the remainder when 121 is divided by 64?
57
What is the remainder when 1246 is divided by 571?
104
What is the remainder when 46 is divided by 14?
4
Calculate the remainder when 353 is divided by 111.
20
What is the remainder when 944 is divided by 73?
68
What is the remainder when 146 is divided by 26?
16
What is the remainder when 266 is divided by 260?
6
Calculate the remainder when 1064 is divided by 327.
83
What is the remainder when 79 is divided by 15?
4
What is the remainder when 942 is divided by 262?
156
What is the remainder when 389 is divided by 128?
5
What is the remainder when 2664 is divided by 297?
288
Calculate the remainder when 123 is divided by 33.
24
What is the remainder when 1385 is divided by 7?
6
Calculate the remainder when 24 is divided by 15.
9
Calculate the remainder when 426 is divided by 39.
36
What is the remainder when 296 is divided by 80?
56
What is the remainder when 684 is divided by 14?
12
What is the remainder when 38148 is divided by 81?
78
Calculate the remainder when 57 is divided by 12.
9
Calculate the remainder when 456 is divided by 27.
24
What is the remainder when 14486 is divided by 33?
32
What is the remainder when 567 is divided by 52?
47
Calculate the remainder when 808 is divided by 14.
10
Calculate the remainder when 105 is divided by 36.
33
Calculate the remainder when 218 is divided by 70.
8
Calculate the remainder when 6494 is divided by 116.
114
Calculate the remainder when 1313 is divided by 204.
89
Calculate the remainder when 987 is divided by 246.
3
What is the remainder when 159 is divided by 32?
31
What is the remainder when 97 is divided by 20?
17
What is the remainder when 9318 is divided by 118?
114
Calculate the remainder when 84 is divided by 44.
40
What is the remainder when 639 is divided by 156?
15
What is the remainder when 6877 is divided by 172?
169
Calculate the remainder when 186 is divided by 149.
37
What is the remainder when 225 is divided by 60?
45
Calculate the remainder when 1052 is divided by 21.
2
Calculate the remainder when 9670 is divided by 31.
29
Calculate the remainder when 808 is divided by 26.
2
Calculate the remainder when 2548 is divided by 30.
28
Calculate the remainder when 2660 is divided by 2642.
18
Calculate the remainder when 175 is divided by 22.
21
What is the remainder when 3721 is divided by 14?
11
Calculate the remainder when 1307 is divided by 184.
19
What is the remainder when 239 is divided by 52?
31
Calculate the remainder when 67 is divided by 44.
23
Calculate the remainder when 106 is divided by 42.
22
Calculate the remainder when 798 is divided by 46.
16
Calculate the remainder when 221 is divided by 16.
13
What is the remainder when 275 is divided by 69?
68
What is the remainder when 337 is divided by 108?
13
Calculate the remainder when 711 is divided by 51.
48
Calculate the remainder when 126 is divided by 34.
24
What is the remainder when 517 is divided by 50?
17
Calculate the remainder when 1960 is divided by 35.
0
What is the remainder when 689 is divided by 227?
8
What is the remainder when 5836 is divided by 59?
54
What is the remainder when 2140 is divided by 13?
8
What is the remainder when 61 is divided by 21?
19
What is the remainder when 259 is divided by 78?
25
Calculate the remainder when 664 is divided by 316.
32
Calculate the remainder when 284 is divided by 26.
24
What is the remainder when 1675 is divided by 1674?
1
Calculate the remainder when 17 is divided by 9.
8
What is the remainder when 7839 is divided by 196?
195
What is the remainder when 22424 is divided by 195?
194
Calculate the remainder when 725 is divided by 104.
101
Calculate the remainder when 1025 is divided by 13.
11
What is the remainder when 359 is divided by 36?
35
What is the remainder when 147 is divided by 35?
7
Calculate the remainder when 93 is divided by 7.
2
Calculate the remainder when 214 is divided by 35.
4
Calculate the remainder when 943 is divided by 419.
105
Calculate the remainder when 10614 is divided by 9.
3
What is the remainder when 1362 is divided by 44?
42
What is the remainder when 4151 is divided by 21?
14
Calculate the remainder when 123 is divided by 25.
23
What is the remainder when 71 is divided by 22?
5
Calculate the remainder when 199 is divided by 44.
23
What is the remainder when 893 is divided by 90?
83
Calculate the remainder when 115 is divided by 30.
25
What is the remainder when 944 is divided by 272?
128
Calculate the remainder when 202 is divided by 13.
7
What is the remainder when 319 is divided by 40?
39
Calculate the remainder when 215 is divided by 62.
29
What is the remainder when 87 is divided by 36?
15
What is the remainder when 701 is divided by 13?
12
Calculate the remainder when 707 is divided by 12.
11
Calculate the remainder when 1169 is divided by 284.
33
What is the remainder when 2846 is divided by 30?
26
What is the remainder when 90 is divided by 10?
0
What is the remainder when 301 is divided by 35?
21
What is the remainder when 59 is divided by 15?
14
Calculate the remainder when 562 is divided by 69.
10
What is the remainder when 19 is divided by 13?
6
Calculate the remainder when 680 is divided by 163.
28
Calculate the remainder when 84 is divided by 37.
10
Calculate the remainder when 476 is divided by 21.
14
What is the remainder when 1700 is divided by 113?
5
Calculate the remainder when 2506 is divided by 11.
9
What is the remainder when 115 is divided by 88?
27
What is the remainder when 251 is divided by 137?
114
Calculate the remainder when 445 is divided by 33.
16
Calculate the remainder when 235 is divided by 64.
43
What is the remainder when 1802 is divided by 95?
92
What is the remainder when 525 is divided by 6?
3
Calculate the remainder when 605 is divided by 201.
2
What is the remainder when 2926 is divided by 122?
120
What is the remainder when 143 is divided by 76?
67
What is the remainder when 276 is divided by 35?
31
What is the remainder when 251 is divided by 23?
21
Calculate the remainder when 1691 is divided by 32.
27
What is the remainder when 876 is divided by 220?
216
Calculate the remainder when 307 is divided by 62.
59
Calculate the remainder when 253 is divided by 80.
13
What is the remainder when 155 is divided by 4?
3
What is the remainder when 258 is divided by 43?
0
What is the remainder when 216 is divided by 20?
16
What is the remainder when 312 is divided by 143?
26
Calculate the remainder when 1383 is divided by 62.
19
Calculate the remainder when 191 is divided by 8.
7
Calculate the remainder when 1110 is divided by 51.
39
Calculate the remainder when 550 is divided by 8.
6
Calculate the remainder when 44 is divided by 24.
20
What is the remainder when 501 is divided by 13?
7
What is the remainder when 26 is divided by 11?
4
Calculate the remainder when 554 is divided by 3.
2
What is the remainder when 1660 is divided by 11?
10
Calculate the remainder when 1799 is divided by 164.
159
What is the remainder when 1621 is divided by 65?
61
Calculate the remainder when 75 is divided by 33.
9
What is the remainder when 127 is divided by 26?
23
What is the remainder when 511 is divided by 32?
31
What is the remainder when 1905 is divided by 380?
5
Calculate the remainder when 169 is divided by 59.
51
What is the remainder when 179 is divided by 30?
29
What is the remainder when 66 is divided by 18?
12
Calculate the remainder when 2146 is divided by 307.
304
What is the remainder when 465 is divided by 121?
102
Calculate the remainder when 638 is divided by 77.
22
Calculate the remainder when 276 is divided by 103.
70
What is the remainder when 280 is divided by 69?
4
What is the remainder when 556 is divided by 17?
12
What is the remainder when 35 is divided by 9?
8
What is the remainder when 2051 is divided by 12?
11
Calculate the remainder when 198 is divided by 25.
23
Calculate the remainder when 74 is divided by 27.
20
Calculate the remainder when 546 is divided by 24.
18
Calculate the remainder when 393 is divided by 66.
63
Calculate the remainder when 138 is divided by 7.
5
What is the remainder when 1018 is divided by 